)/(-6)*(-90)/(-7). Suppose 0 = -5*d + 80 + m. Calculate the remainder when d is divided by 14.
12
Let h(g) = g**2 + 3*g + 8. Let l be ((8/(-1))/(-1))/2. Let a(y) = y**2 - 2*y + 6. What is the remainder when h(-6) is divided by a(l)?
12
Let y(l) = -3*l - 1. Let c be y(-4). Let k(b) = -b - 6. Let t be k(-6). Suppose t*f + c = f. What is the remainder when f is divided by 3?
2
Let u = 13 + -13. Suppose -v + 31 = 4*a - 0*v, -3*a + 27 = -3*v. Suppose u*i + i = a. Calculate the remainder when i is divided by 3.
2
Suppose 5*k - 41 = 14. Suppose -12 = -2*v - p - 2, -v + 2*p = -10. Suppose v*h - 3*h = 63. Calculate the remainder when h is divided by k.
10
Let h(j) = 2*j - 1. Let l be h(1). What is the remainder when 17 is divided by 3 - (-9 - -2)/l?
7
Let v = 39 - 27. What is the remainder when 34 is divided by v?
10
Let j be (6/(-9) - -1)*6. Suppose j = -c + 3*c. Calculate the remainder when (c - 0) + (-6)/(-2) is divided by 3.
1
Suppose -1 + 16 = 3*r. Suppose -5*g + 2*o = -62, g - 2*g = r*o - 7. Suppose u = -3*z + 70, -7*z + 114 = -2*z - u. What is the remainder when z is divided by g?
11
Let x = 1 - -5. Let j be (-2)/3*x*-5. Suppose 3*z - j = -z, -2*z + 80 = 5*o. Calculate the remainder when 40 is divided by o.
12
Calculate the remainder when 7 is divided by (1/2)/(3/30).
2
Let n(y) = -y**2 + 1 + 2 - 3*y - 3*y. Let z be (-36)/(-42)*(-7)/1. Calculate the remainder when 4 is divided by n(z).
1
Let w(v) = v + 5. Calculate the remainder when w(6) is divided by 7.
4
Let b(h) be the first derivative of -1/2*h**2 + 0*h + 8/3*h**3 + 1. What is the remainder when 16 is divided by b(-1)?
7
Suppose -2*r + 129 = 13. Suppose 2*l + m = 22, -5*l = -5*m - 27 - r. Suppose 2*p + 2*z - 18 = 0, 4*z + 2 = 5*z. What is the remainder when l is divided by p?
6
Let h = -8 - -11. Let l(p) = p**3 - p**2 + p + 3. Let i be l(0). Suppose -12 = -i*r - h*g, 2 + 0 = -2*g. What is the remainder when 9 is divided by r?
4
Suppose 5*c = -5*d + 710, -3*d - 256 = -2*c + 2*d. What is the remainder when c is divided by 71?
67
Let q = -12 + 6. Let m be 2/q*(1 - 7). Let o = 4 - m. Calculate the remainder when o is divided by 1.
0
Suppose s + 18 = 6. Calculate the remainder when 46 is divided by (s/1)/(12/(-16)).
14
Suppose -j = -4*j + 75. Let h(v) = -6*v. Let g be h(7). Calculate the remainder when (g/(-35))/((-1)/(-40)) is divided by j.
23
Suppose 118 = 2*q + 5*y - 266, y = 5*q - 987. Calculate the remainder when q is divided by 50.
47
Let t = -42 + 76. Calculate the remainder when t is divided by 9.
7
Suppose 4*u + 60 = -b - u, 4*u = 2*b + 64. Let i = b + 83. What is the remainder when i is divided by 11?
10
Suppose 5*l - 4*o - 474 = 0, 3*l + o - 494 = -2*l. Calculate the remainder when l is divided by 34.
30
Suppose b - 54 = 3*z - 7, 4*b - 4*z = 220. Suppose 4*v = 12, 2*y - 36 = y - 3*v. Let p = b - y. Calculate the remainder when p is divided by 11.
10
Let r = 17 - 12. Let x(v) = v**3 - 3*v**2 - 6*v + 7. What is the remainder when 78 is divided by x(r)?
24
Suppose w = 6*w - 45. Suppose -w = -2*i + 19. Calculate the remainder when 26 is divided by i.
12
Let n(h) = h**2 - 11*h + 19. Calculate the remainder when n(13) is divided by 16.
13
Calculate the remainder when (-122)/(-6) + 2 - (-2)/3 is divided by 14.
9
Suppose -3*y = 4*b - 16 - 3, -5*b + 2*y - 5 = 0. What is the remainder when 1 is divided by b?
0
Let q(u) = u - 10. What is the remainder when 13 is divided by q(15)?
3
Let q(v) = -v**3 + 6*v**2 + 5*v - 3. Suppose -20*y - 40 = -24*y. What is the remainder when q(6) is divided by y?
7
Let v = 110 + 149. What is the remainder when v is divided by 52?
51
Suppose 79 = -5*t + 29. Calculate the remainder when ((-1)/(-3))/(t/(-750)) is divided by 13.
12
Calculate the remainder when 38 is divided by 0 + (-4)/(-5) - 868/(-140).
3
Let z(i) = i**3 - i**2 - 2*i - 3. What is the remainder when 34 is divided by z(3)?
7
Calculate the remainder when 11 is divided by 2*(-1)/2 + 4.
2
Let q(p) = -p**3 + 8*p**2 - 6*p + 3. Suppose -5 = 2*u - 17. Calculate the remainder when 153 is divided by q(u).
36
Let k = 3 + -1. Suppose -k*h - 27 = -5*h. Calculate the remainder when 16 is divided by h.
7
Let y = 16 + 2. Calculate the remainder when 52 is divided by y.
16
Let p = 5 + -8. Let u = 10 + p. What is the remainder when 25 is divided by u?
4
Let d(u) = u**3 - u**2 - 3*u + 3. Let w = 344 - 482. What is the remainder when w/(-4) - 1/(-2) is divided by d(3)?
11
Let h(r) = -r**2 - 6*r + 10. Let z be h(-9). Suppose 2*f + 8 = 0, f - 119 = -5*s - 3*f. Let u = z + s. Calculate the remainder when 18 is divided by u.
8
Suppose 7*k - 206 - 739 = 0. What is the remainder when k is divided by 34?
33
Let l(p) = -p**3 + 10*p**2 - 9*p + 2. Let a be l(6). Suppose a = 4*g - 2*g. Suppose g + 6 = 4*h. What is the remainder when 38 is divided by h?
12
Suppose -q + 2*q = 3*o - 99, 5*o - 165 = -5*q. What is the remainder when o is divided by 13?
7
Let m = -11 + 23. Calculate the remainder when m is divided by 7.
5
Suppose 0 = -5*u - 19 + 84. Calculate the remainder when 38 is divided by u.
12
Calculate the remainder when (9/12)/(1/12) is divided by 5/(10/12) - 2.
1
Let p(t) = 49*t**2 - 2*t + 1. What is the remainder when 189 is divided by p(1)?
45
Let x = 5 + -4. Calculate the remainder when x/5 - 28/(-10) is divided by -1 + 3 + -1 + 1.
1
Let r(p) be the second derivative of -p**5/10 + p**4/12 + 7*p**3/6 + p**2/2 + 7*p. Calculate the remainder when r(-3) is divided by 11.
10
Let d(o) = o**3 + 6*o**2 - 3*o + 6. Calculate the remainder when 92 is divided by d(-6).
20
Suppose 5 = -2*s + 7. Let d = s - -3. Calculate the remainder when 10 is divided by d.
2
Let n(l) = -l + 1. Calculate the remainder when n(-6) is divided by 2.
1
Let f = -5 - -22. What is the remainder when 32 is divided by f?
15
Let b(r) = r - 4 - 3*r + 0*r. Let w be b(-4). Let t(f) = -f**2 + 4*f + 3. Calculate the remainder when 7 is divided by t(w).
1
Let j = 2 + 2. Suppose 3*m = j*a - 28 + 6, -a + 2*m = -3. What is the remainder when 20 is divided by a?
6
Let z be ((-15)/(-6))/((-1)/(-2)). Suppose -45 = -z*d + 5. What is the remainder when 19 is divided by d?
9
Let w = 13 + -31. Calculate the remainder when 4/18 + (-194)/w is divided by 4.
3
Suppose 0*s - 2*z = -s + 30, 2*s + 4*z - 84 = 0. What is the remainder when s is divided by 13?
10
Suppose t - 12 = -5. Let a(y) = 10*y**3 + y**2 - 1. What is the remainder when a(1) is divided by t?
3
Let o = 84 - 60. What is the remainder when o is divided by 7?
3
Suppose 2*n - 4*n = -12. Suppose -s - 25 = -n*s. Suppose 2*i - 32 = 3*b, s*i - 47 = 2*i + 4*b. What is the remainder when 37 is divided by i?
11
Let h(x) = -x**3 + 6*x**2 - 4*x - 1. Let y be h(5). Suppose 3*q = 4*b + 91, -y*q + 2*b = -q - 83. Calculate the remainder when q is divided by 9.
7
Let q = -6 + 24. Suppose -5*i = -130 - 240. Let h = -40 + i. What is the remainder when h is divided by q?
16
Suppose p - 4*p = -4*u - 28, 0 = 5*p + 5*u. Suppose -t + 3*l = -0 - p, -40 = -3*t - 5*l. Calculate the remainder when 19 is divided by t.
9
Suppose 5*x + 258 = 283. What is the remainder when 30 is divided by x?
0
Let a(c) = c + 1. Calculate the remainder when 9 is divided by a(2).
0
Let s = 292 - 200. Suppose -3*q - 2*g + 170 = 3*g, -4*g + 279 = 5*q. Let y = s - q. What is the remainder when y is divided by 13?
11
Suppose -5*w + 9 = 4*b - 26, w - 9 = -b. Suppose 4*x = 2*r + b, -x + 2*r = 3*r - 7. Suppose 0*g - x*g + 8 = 0. What is the remainder when 3 is divided by g?
1
Suppose n + 24 = 3*n. Suppose 7*f - 51 = 6*f - h, 0 = -2*f + 2*h + 82. Calculate the remainder when f is divided by n.
10
Suppose -29 - 111 = -5*g. Let x(p) = p**2 + 5. Let h be x(0). Suppose 3*z - 4*q = 18, 6*q + 38 = h*z + 2*q. What is the remainder when g is divided by z?
8
Suppose 6*l - 44 = 4*l. Let x = -16 + l. Calculate the remainder when 10 is divided by x.
4
Suppose 3*z + z = -3*g + 101, 0 = z + 2*g - 19. Calculate the remainder when 54 is divided by z.
25
Let a(x) = -3*x - 3*x**2 + 2*x + 0*x**2 + 4*x**2. What is the remainder when a(6) is divided by 8?
6
Let v = 8 - 3. Suppose v = 4*o - 3. Let k = -14 + 17. Calculate the remainder when k is divided by o.
1
Suppose 0 = -7*p + 4*p + 45. Let i = -171 + 213. Calculate the remainder when i is divided by p.
12
Suppose -32 = -13*i + 9*i. Calculate